{"id":11,"date":"2022-04-09T17:35:08","date_gmt":"2022-04-09T15:35:08","guid":{"rendered":"https:\/\/www.du-man.net\/wordpress\/?page_id=11"},"modified":"2025-05-05T15:52:37","modified_gmt":"2025-05-05T13:52:37","slug":"a-propos-de","status":"publish","type":"page","link":"https:\/\/www.du-man.net\/wordpress\/a-propos-de\/","title":{"rendered":"Pourquoi ce blog ?"},"content":{"rendered":"\n<p>Je suis enseignant en technologie depuis\u2026 longtemps,<br>Dans un coll\u00e8ge des C\u00f4tes-d&rsquo;Armor depuis 6 ans.<br>Pour enseigner la technologie, j&rsquo;aime :<\/p>\n\n\n\n<ul class=\"wp-block-list\">\n<li>Que les apprentissages tournent autour d&rsquo;un objet ou d&rsquo;un service r\u00e9el.<\/li>\n\n\n\n<li>Que cela aboutisse \u00e0 une r\u00e9alisation fonctionnelle (au moins un peu&#8230;)<\/li>\n<\/ul>\n\n\n\n<p><strong>Cela permet aux \u00e9l\u00e8ves de se heurter aux difficult\u00e9s li\u00e9es \u00e0  une vraie d\u00e9marche, avec du vrai mat\u00e9riel qui ne fonctionne pas toujours comme on voudrait<\/strong>.<\/p>\n\n\n\n<p>Vous trouverez dans ces pages, des outils que j&rsquo;ai utilis\u00e9s ou d\u00e9velopp\u00e9s pour rendre plus simple la r\u00e9alisation d&rsquo;objets compliqu\u00e9s, pour vous ou pour vos \u00e9l\u00e8ves.<\/p>\n\n\n\n<h2 class=\"wp-block-heading\">Pourquoi \u00ab\u00a0du-man.net\u00a0\u00bb ?<\/h2>\n\n\n\n<p><strong>du<\/strong>&#8211;<strong>ma\u00f1<\/strong> veut dire<em><strong> \u00ab\u00a0chez moi\u00a0\u00bb<\/strong><\/em> en breton. <br>J&rsquo;h\u00e9berge effectivement toutes mes ressources informatiques sur un NAS, chez moi en Bretagne&nbsp;:<\/p>\n\n\n\n<ul class=\"wp-block-list\">\n<li>Pour essayer de rester un minimum ind\u00e9pendant&#8230; Je sais, ce n&rsquo;est pas gagn\u00e9&#8230;<\/li>\n\n\n\n<li>Mon NAS consomme seulement 12W&#8230; et participe au chauffage de ma maison.<\/li>\n<\/ul>\n\n\n\n<p> <\/p>\n","protected":false},"excerpt":{"rendered":"<p>Je suis enseignant en technologie depuis\u2026 longtemps,Dans un coll\u00e8ge des C\u00f4tes-d&rsquo;Armor depuis 6 ans.Pour enseigner la technologie, j&rsquo;aime : Cela permet aux \u00e9l\u00e8ves de se &hellip; <\/p>\n","protected":false},"author":1,"featured_media":0,"parent":0,"menu_order":0,"comment_status":"closed","ping_status":"closed","template":"","meta":{"footnotes":""},"class_list":["post-11","page","type-page","status-publish","hentry"],"_links":{"self":[{"href":"https:\/\/www.du-man.net\/wordpress\/wp-json\/wp\/v2\/pages\/11","targetHints":{"allow":["GET"]}}],"collection":[{"href":"https:\/\/www.du-man.net\/wordpress\/wp-json\/wp\/v2\/pages"}],"about":[{"href":"https:\/\/www.du-man.net\/wordpress\/wp-json\/wp\/v2\/types\/page"}],"author":[{"embeddable":true,"href":"https:\/\/www.du-man.net\/wordpress\/wp-json\/wp\/v2\/users\/1"}],"replies":[{"embeddable":true,"href":"https:\/\/www.du-man.net\/wordpress\/wp-json\/wp\/v2\/comments?post=11"}],"version-history":[{"count":12,"href":"https:\/\/www.du-man.net\/wordpress\/wp-json\/wp\/v2\/pages\/11\/revisions"}],"predecessor-version":[{"id":1227,"href":"https:\/\/www.du-man.net\/wordpress\/wp-json\/wp\/v2\/pages\/11\/revisions\/1227"}],"wp:attachment":[{"href":"https:\/\/www.du-man.net\/wordpress\/wp-json\/wp\/v2\/media?parent=11"}],"curies":[{"name":"wp","href":"https:\/\/api.w.org\/{rel}","templated":true}]}}